r?
False
Let c(q) = -5*q + 377. Let i be c(0). Let h = i + -211. Is h composite?
True
Let t = 21 - 24. Is (-136)/(-2)*(t + 202/8) composite?
True
Let a = -17 - -17. Suppose a = 2*c + 1 - 7. Suppose -289 = -c*v + 140. Is v a composite number?
True
Let d be (((-2)/(-5))/(3/(-15)))/2. Let a(h) = 285*h**2 - 5*h - 3. Is a(d) prime?
False
Let b be (-426)/5*30/(-9). Suppose 4*a - 1960 = -348. Let h = a - b. Is h prime?
False
Let c(k) = 4*k - 666*k**3 - 4*k**2 + 3*k**2 + 3 - 1 + 4*k**2. Is c(-1) a prime number?
False
Suppose -4*r + 3*y = -6599, 2*r + 0*y + 3*y = 3295. Is r a composite number?
True
Is (-2)/(((-12)/1758)/1) a composite number?
False
Let c(u) = u**3 + 93*u**2 + 25*u + 6. Is c(-47) composite?
True
Let o(a) = 32*a**2 - 2. Let s(h) = -h**2 + h + 1. Let i(c) = o(c) + s(c). Let f be i(2). Suppose -f = 3*p - 470. Is p prime?
False
Let k be -2*(-2 + 998/(-4)). Suppose 4*j - 5*h - 1791 = 0, 5*j - h = 4*h + 2245. Suppose j + k = 3*l. Is l a prime number?
False
Suppose 4*b - 11803 = -3*p, -4*b + 8*p = 3*p - 11827. Is b composite?
False
Let p(b) = b**3 + 7*b**2 - b + 9. Let u(j) = 3*j**3 + 13*j**2 - 2*j + 17. Let k(f) = 5*p(f) - 3*u(f). Suppose 3*v + v + 20 = 0. Is k(v) composite?
False
Let d = 57 + -20. Suppose -33*l = -d*l + 1828. Is l composite?
False
Suppose -4*z + 3*k + 68 = k, 4*k - 34 = -2*z. Is (-75510)/(-34) + ((-32)/z - -2) prime?
True
Let d = 43 + -44. Is -5 + -1 + 484 - d prime?
True
Let w be (-1)/(-2) - (-12616)/16. Is (-2)/4 - w/(-6) a composite number?
False
Suppose 0 = -2*t - t + 12. Let z = 788 - 533. Suppose 0 = t*n - z - 13. Is n a prime number?
True
Suppose 12*f + 24 = 96. Let z = 4 + -6. Is z - (-2)/(f/471) a prime number?
False
Let x be 195/45 - ((-4)/6)/(-2). Suppose -x*f - 3*n + 2302 = 0, 0 = 5*f - n + 4*n - 2879. Is f a prime number?
True
Let o(d) = 4510*d**3 + 3*d**2 + 5*d - 5. Is o(2) a prime number?
True
Let i(q) = 69*q**2 - 4*q. Suppose 12*y + 35 = 5*y. Is i(y) a composite number?
True
Let v = -27 - -31. Suppose 0 = -2*d - 0*s + 2*s - 2, v*s = 5*d + 2. Suppose 2*r - 3*r + 404 = d*p, -4*p + 4*r = -808. Is p a prime number?
False
Let b(q) = 6*q**2 + 19*q - 19. Let n be b(19). Suppose -13*f = -f - n. Is f composite?
True
Suppose 2*o = -907 + 6785. Is o a composite number?
False
Let u(h) = h**3 - 7*h**2 + 6*h + 3. Let f be u(6). Suppose -i + 8 = f. Is 104 + -2*i/10 composite?
False
Suppose -2*z - 20 = 5*u, 3*z = -3*u - 9 - 3. Suppose z = 4*w - y - 7041, y = 3*w - y - 5277. Is w a prime number?
False
Suppose -2*r + 34 = -4*b, -2*b + 3*r = -3*b + 9. Let g(i) = 23*i**2 - i + 19. Is g(b) a prime number?
True
Let o(p) = -4*p - 18. Let h be o(-6). Is ((-5596)/(-16))/((h/8)/3) composite?
False
Suppose -31*x - 200 = -27*x. Let c be (-51 + 5)/(1/x). Suppose 4*k - c = 1920. Is k a prime number?
False
Let k(l) = 98*l + 7*l + 31 + 27*l - 15*l. Is k(8) a composite number?
False
Suppose -6 - 2 = -d. Suppose d*s - 5*s = -1257. Let w = -154 - s. Is w a composite number?
True
Let h be (-4806)/(-15) + (-3)/(-5). Suppose -2*w + 483 = 3*r, -2*r - w + h = -0*r. Is 0 + 0 + -2 + r composite?
False
Let r(n) = 2*n**3 + 7*n**2 - 19*n + 6. Let d be r(6). Suppose -2*s = s + 1050. Let b = d + s. Is b prime?
False
Let m(s) = 22*s**3 + 3*s**2 + s + 1. Is m(4) prime?
False
Suppose 4*y + 7*l - 23 = 2*l, 19 = 5*y + 3*l. Suppose y*n + 1774 = 4*n. Is n a composite number?
False
Suppose -2*j = -1 + 49. Let y be (j/32)/((-1)/4). Suppose -y*g = -5*t + 159, g - 6 = -2*g. Is t prime?
False
Let f = -30836 - -60009. Is f prime?
True
Let k = 82409 + -46222. Is k a prime number?
True
Let k = 69660 - 45589. Is k a prime number?
True
Suppose -21*w + 163040 = 11*w. Is w a composite number?
True
Let w = -236 + -41. Let b = -160 - w. Suppose -h + u + 2*u = -b, 2*h + 4*u - 254 = 0. Is h a prime number?
False
Suppose -3*p - 1 = -7. Suppose 0 = -p*d + 719 - 241. Is d a composite number?
False
Let h = 23 - 24. Is h*(2 + (-2700)/4) prime?
True
Suppose -4*n - r + 3*r = -3830, -n + 940 = 3*r. Is n prime?
False
Let j = -2117 + 4192. Suppose 0 = -0*b - 5*b + j. Is b composite?
True
Let q be (-96)/(-9) + 4/(-6). Suppose -q + 5 = -5*n. Is n/((-4660)/2332 + 2) composite?
True
Suppose 0 = -j + 2 + 3. Suppose k = -j*q + 55, -15 = -0*q - 3*q. Suppose -2*s + 280 = -k. Is s prime?
False
Let d = 14 - 12. Suppose d*m - g + 1273 = 4*m, 4*m + 4*g - 2552 = 0. Is m composite?
True
Let b(y) be the third derivative of -1/24*y**4 + 0*y + 5*y**2 + 0 + 587/6*y**3. Is b(0) a composite number?
False
Suppose h + 0*h - 26 = -5*y, -5*h + 2*y + 22 = 0. Suppose -5*b + h*b - 163 = 0. Is b prime?
True
Let x = 5829 - 1046. Is x composite?
False
Let v(l) = -9*l**3 - 6*l**2 - 4*l + 4. Is v(-3) prime?
False
Let w(u) be the second derivative of -u**4/6 - 11*u**3/6 + 3*u**2 - 7*u. Let s be w(-6). Suppose s*m - 171 = -3*m. Is m a composite number?
True
Let z be -2*-5*(-716)/(-8). Suppose 4*q - 2*x = -5*x + z, 3 = 3*x. Is q composite?
False
Suppose -2*f = l - 1816, 33*l - 35*l = 5*f - 4539. Is f a composite number?
False
Is (-623)/(-1) + 28/(-7) a prime number?
True
Let p be 1/2 + 25/(-10). Is ((-223)/p)/(3/12) prime?
False
Let m = -46247 - -76050. Is m prime?
True
Suppose 61 = 2*u - 505. Let d = -91 + u. Let f = d - 103. Is f a composite number?
False
Let a(m) = 9*m**2 + 7*m. Let z be 15/(-5) + 3/(-1). Let b be a(z). Suppose 5*p - 1223 - b = 0. Is p composite?
True
Let v(f) = 648*f - 110. Is v(6) composite?
True
Suppose 668 - 13 = 5*y. Suppose -2*x - 77 = 75. Let g = y + x. Is g composite?
True
Let b(a) = -a**3 + 11*a**2 + 6*a + 8. Let h be b(8). Suppose -2*s = 2*y - s - 471, 3*s - h = -y. Is y prime?
True
Let h(s) = 252*s - 1. Let y be 27/12 - (-5)/(-20). Suppose y*g = -2 + 4. Is h(g) a prime number?
True
Let t = 12681 + 1831. Suppose 7*n + t = 23*n. Is n prime?
True
Let a(w) = -2735*w**3 - 7*w**2 - 9*w - 11. Is a(-3) prime?
False
Suppose 6*h = 2182 + 710. Is h composite?
True
Let p(w) = 3*w**2 - 3. Let v be p(2). Let f(y) = -y**3 + 10*y**2 + 18*y + 22. Is f(v) a composite number?
True
Let w = -24 - -27. Suppose 0 = -w*n + 297 + 132. Is n a composite number?
True
Let t(c) be the third derivative of -1/6*c**3 + 0 + 5*c**2 + 1/8*c**4 + 2/15*c**5 + 0*c. Is t(-3) a prime number?
False
Let z(h) = 2 - 3*h**3 - 2*h - 1 + 2*h**2 + 4*h. Let n be z(-1). Suppose -20 = -n*y, 3*t + 0*t = -3*y + 1056. Is t a composite number?
False
Let q = 23 - 21. Suppose 80 = 2*f + 4*v, -q*f - 3*f + 200 = -2*v. Let t = 251 - f. Is t a prime number?
True
Let b(l) = -35402*l + 34. Is b(-2) a prime number?
False
Let c(y) = y**2 - 10*y - 27. Let j be c(12). Is ((-89)/j)/((-1)/(-3)) prime?
True
Suppose -4*g + 414 + 4618 = 4*a, 5*a + 3782 = 3*g. Is g a composite number?
False
Suppose 3*n = 6*n - 10455. Suppose -4*j = j - n. Is j prime?
False
Let c(p) = p**3 + 38*p**2 - 59*p + 89. Is c(-39) prime?
False
Let j = 7 - 1. Is (-5187)/(-33) - j/33 a composite number?
False
Is -8 + 11 + 2902 + -6 a composite number?
True
Let b = -26 + 26. Suppose b = -3*c + 5*p + 259 + 872, 754 = 2*c + 4*p. Is c a composite number?
True
Let m(h) = h**3 + 15*h**2 - 22*h - 13. Let x be m(-19). Let s = 1476 + x. Is s prime?
False
Let o(v) = -4048*v - 3. Is o(-1) a composite number?
True
Let g = -48 - 258. Let w = g - -539. Is w composite?
False
Let i be 99/27 + 2/(-3). Is (-1 - -640) + -2 - (-7 + i) a composite number?
False
Suppose -14*h = -10*h - 52. Let p(k) = -4*k**2 + 7*k**2 - 7 - 4*k - 9*k. Is p(h) composite?
False
Let k = 57684 + -39455. Is k prime?
True
Is (-2)/(-3)*(-2)/((-20)/161295) composite?
False
Let r = 22 + -32. Is (-8)/12*6585/r composite?
False
Let d = 148 + 22. Let i = d - -24. Is i a prime number?
False
Let k be 24/10*20/6. Suppose 4*r = 0, -2 = 2*p - 2*r - 3*r. Let h = p + k. Is h composite?
False
Suppose 0 = -5*m - 5*p + 104310, -2*p + 104307 = -3*m + 8*m. Is m composite?
True
Let h = 3638 - -633. Is h prime?
True
Suppose 178*c - 33838 = 171*c. Is c composite?
True
Suppose -2*p + 3676 = 5*i, 0 = p + 2*p - 2*i - 5495. Suppose p = 4*k - v, 3*k + 3*v - 1829 = -k. Is k prime?
False
Is (2 + 40038/12)/((-1)/(-2)) composite?
True
Let t be 10/(-45) - (-101342)/9. Suppose -31*o = -27*o - t. Is o composite?
True
Let d(c) = 121*c**2 + 7. Let b be d(5). Suppose 4*n + 10 = -2, 0 = -3*p + n + 21. Is (b/(-20))/(p/(-15)) prime?
True
Suppose -4*v = -4*p - 292752, -v 